is the tens digit of 111650?
5
What is the tens digit of 610?
1
What is the units digit of 536?
6
What is the hundreds digit of 1045?
0
What is the hundreds digit of 3348?
3
What is the thousands digit of 15711?
5
What is the units digit of 824?
4
What is the units digit of 4507?
7
What is the thousands digit of 13920?
3
What is the thousands digit of 2862?
2
What is the thousands digit of 53585?
3
What is the tens digit of 88?
8
What is the hundreds digit of 12235?
2
What is the hundreds digit of 284?
2
What is the hundred thousands digit of 169198?
1
What is the hundreds digit of 575?
5
What is the hundreds digit of 2443?
4
What is the hundreds digit of 1612?
6
What is the thousands digit of 18825?
8
What is the units digit of 2010?
0
What is the units digit of 623?
3
What is the hundreds digit of 992?
9
What is the tens digit of 386?
8
What is the ten thousands digit of 28248?
2
What is the thousands digit of 13071?
3
What is the hundreds digit of 1279?
2
What is the hundreds digit of 9484?
4
What is the hundreds digit of 77662?
6
What is the thousands digit of 4855?
4
What is the hundreds digit of 26067?
0
What is the units digit of 1686?
6
What is the tens digit of 45135?
3
What is the ten thousands digit of 12270?
1
What is the tens digit of 790?
9
What is the units digit of 1810?
0
What is the units digit of 11239?
9
What is the ten thousands digit of 27370?
2
What is the units digit of 79060?
0
What is the tens digit of 58785?
8
What is the hundreds digit of 34491?
4
What is the thousands digit of 28635?
8
What is the units digit of 692?
2
What is the hundreds digit of 228?
2
What is the hundreds digit of 566?
5
What is the thousands digit of 27689?
7
What is the thousands digit of 8027?
8
What is the thousands digit of 33306?
3
What is the hundreds digit of 4214?
2
What is the hundreds digit of 4093?
0
What is the thousands digit of 49376?
9
What is the ten thousands digit of 11745?
1
What is the tens digit of 1289?
8
What is the hundreds digit of 3734?
7
What is the units digit of 458?
8
What is the ten thousands digit of 23901?
2
What is the thousands digit of 22608?
2
What is the thousands digit of 1245?
1
What is the tens digit of 664?
6
What is the units digit of 6703?
3
What is the thousands digit of 1231?
1
What is the tens digit of 88200?
0
What is the hundreds digit of 527?
5
What is the tens digit of 5917?
1
What is the tens digit of 22892?
9
What is the tens digit of 197729?
2
What is the units digit of 328?
8
What is the units digit of 65766?
6
What is the units digit of 60?
0
What is the hundreds digit of 15645?
6
What is the hundreds digit of 2197?
1
What is the ten thousands digit of 91210?
9
What is the thousands digit of 1051?
1
What is the units digit of 869?
9
What is the tens digit of 43270?
7
What is the thousands digit of 73682?
3
What is the thousands digit of 3767?
3
What is the hundreds digit of 25554?
5
What is the thousands digit of 12120?
2
What is the tens digit of 38184?
8
What is the thousands digit of 4711?
4
What is the ten thousands digit of 155155?
5
What is the units digit of 54996?
6
What is the tens digit of 1295?
9
What is the tens digit of 5223?
2
What is the thousands digit of 1380?
1
What is the thousands digit of 10275?
0
What is the thousands digit of 28153?
8
What is the thousands digit of 5762?
5
What is the tens digit of 4855?
5
What is the thousands digit of 2664?
2
What is the thousands digit of 92210?
2
What is the thousands digit of 37878?
7
What is the units digit of 60230?
0
What is the units digit of 7242?
2
What is the ten thousands digit of 14175?
1
What is the thousands digit of 2606?
2
What is the ten thousands digit of 48445?
4
What is the units digit of 376?
6
What is the units digit of 23958?
8
What is the hundreds digit of 864?
8
What is the tens digit of 46088?
8
What is the tens digit of 47279?
7
What is the units digit of 418?
8
What is the units digit of 2660?
0
What is the units digit of 117130?
0
What is the ten thousands digit of 30648?
3
What is the hundreds digit of 27680?
6
What is the hundreds digit of 76541?
5
What is the thousands digit of 8885?
8
What is the units digit of 94?
4
What is the units digit of 5546?
6
What is the ten thousands digit of 39499?
3
What is the thousands digit of 70551?
0
What is the thousands digit of 8605?
8
What is the hundreds digit of 7219?
2
What is the thousands digit of 3706?
3
What is the tens digit of 953?
5
What is the thousands digit of 27149?
7
What is the tens digit of 14400?
0
What is the units digit of 66877?
7
What is the units digit of 2861?
1
What is the units digit of 28003?
3
What is the thousands digit of 1280?
1
What is the units digit of 9697?
7
What is the units digit of 2222?
2
What is the ten thousands digit of 20279?
2
What is the hundreds digit of 2611?
6
What is the tens digit of 837?
3
What is the tens digit of 12019?
1
What is the hundreds digit of 979?
9
What is the ten thousands digit of 10803?
1
What is the hundreds digit of 5118?
1
What is the tens digit of 3570?
7
What is the tens digit of 9846?
4
What is the units digit of 4174?
4
What is the hundreds digit of 2298?
2
What is the tens digit of 2640?
4
What is the units digit of 176?
6
What is the tens digit of 11874?
7
What is the hundreds digit of 88634?
6
What is the tens digit of 11925?
2
What is the hundreds digit of 140234?
2
What is the units digit of 3053?
3
What is the units digit of 4490?
0
What is the units digit of 90557?
7
What is the tens digit of 4679?
7
What is the hundreds digit of 6803?
8
What is the hundreds digit of 227?
2
What is the tens digit of 2023?
2
What is the units digit of 128156?
6
What is the tens digit of 1409?
0
What is the tens digit of 2647?
4
What is the units digit of 1127?
7
What is the thousands digit of 23853?
3
What is the tens digit of 3283?
8
What is the tens digit of 15100?
0
What is the tens digit of 162?
6
What is the thousands digit of 2065?
2
What is the units digit of 567?
7
What is the units digit of 5145?
5
What is the thousands digit of 103360?
3
What is the thousands digit of 162952?
2
What is the units digit of 2019?
9
What is the units digit of 17500?
0
What is the thousands digit of 102727?
2
What is the tens digit of 479?
7
What is the thousands digit of 50758?
0
What is the units digit of 862?
2
What is the hundreds digit of 8386?
3
What is the ten thousands digit of 25478?
2
What is the hundreds digit of 1081?
0
What is the tens digit of 416?
1
What is the ten thousands digit of 70539?
7
What is the tens digit of 52203?
0
What is the tens digit of 6712?
1
What is the units digit of 99?
9
What is the tens digit of 3065?
6
What is the hundreds digit of 327?
3
What is the hundreds digit of 720?
7
What is the tens digit of 2622?
2
What is the tens digit of 413?
1
What is the hundreds digit of 25812?
8
What is the hundreds digit of 116694?
6
What is the thousands digit of 29804?
9
What is the tens digit of 4171?
7
What is the hundreds digit of 875?
8
What is the hundreds digit of 8565?
5
What is the tens digit of 499?
9
What is the hundreds digit of 556?
5
What is the units digit of 5336?
6
What is the tens digit of 153?
5
What is the units digit of 25594?
4
What is the tens digit of 1072?
7
What is the units digit of 9270?
0
What is the thousands digit of 43647?
3
What is the hundreds digit of 2685?
6
What is the tens digit of 283?
8
What is the tens digit of 381?
8
What is the units digit of 24404?
4
What is the units digit of 12604?
4
What is the units digit of 7115?
5
What is the hundreds digit of 18325?
3
What is the ten thousands digit of 18902?
1
What is the hundreds digit of 22430?
4
What is the hundreds digit of 120773?
7
What is the tens digit of 1805?
0
What is the tens digit of 341?
4
What is the ten thousands digit of 48657?
4
What is the tens digit of 140?
4
What is the thousands digit of 3295?
3
What is the hundreds digit of 2018?
0
What is the units digit of 285?
5
What is the thousands digit of 5239?
5
What is the units digit of 5157?
7
What is the ten thousands digit of 22144?
2
What is the hundreds digit of 1204?
2
What is the units digit of 33867?
7
What is the ten thousands digit of 20212?
2
What is the ten thousands digit of 45834?
4
What is the tens digit of 106054?
5
